o base 12.
542939
Convert -34020111 (base 6) to base 3.
-1221021121121
6030524 (base 8) to base 16
183154
Convert -112333102133 (base 4) to base 9.
-12304588
181844 (base 14) to base 3
1121011022212
What is 123068 (base 13) in base 8?
1521624
Convert -10530024 (base 8) to base 3.
-11021111101022
What is -55a9 (base 11) in base 15?
-22be
What is -20203012 (base 4) in base 10?
-35014
Convert 13501506 (base 9) to base 10.
6673677
14435573 (base 10) to base 3
1000011101212212
-314100414 (base 5) to base 13
-370b54
What is -3025712 (base 8) in base 10?
-797642
What is 7871c5 (base 16) in base 8?
36070705
-15333150 (base 7) to base 12
-5aabb9
401133 (base 7) to base 12
33190
Convert -41135451 (base 7) to base 2.
-1101000111010011010010
What is -132222213011 (base 4) in base 8?
-36524705
-112031 (base 13) to base 7
-3302453
10011100111010000 (base 2) to base 4
103213100
-101111010111100 (base 2) to base 15
-72bc
61711 (base 8) to base 9
38033
-133205052 (base 6) to base 12
-a90788
What is 21211110221 (base 3) in base 11?
a5913
Convert -7dea75 (base 16) to base 3.
-120112020122102
Convert -10110100011110000110 (base 2) to base 13.
-1cb600
13411434 (base 5) to base 8
416201
What is -31100242 (base 5) in base 16?
-3dd0d
Convert 1210001221211 (base 3) to base 13.
2718b5
What is -244444 (base 9) in base 6?
-3055234
What is -a4a5793 (base 11) in base 6?
-1500452100
What is -3000023323 (base 4) in base 7?
-6456013
Convert b1f1b (base 16) to base 9.
1330723
What is -1728a7 (base 15) in base 14?
-2130b7
43321304 (base 5) to base 9
623737
-1377c2 (base 16) to base 5
-311311332
What is 143320101 (base 5) in base 15?
1005a1
What is -3606a9 (base 11) in base 2?
-10001011100111000100
Convert 2313301310 (base 4) to base 10.
752756
What is 91846 (base 12) in base 9?
318020
Convert -5c68b9 (base 14) to base 13.
-86c14c
What is -1a620 (base 14) in base 10?
-67060
2333012202 (base 4) to base 15
106dd9
What is 1878e (base 16) in base 2?
11000011110001110
231022131 (base 4) to base 8
551235
152701 (base 10) to base 13
54673
What is 1220130310 (base 4) in base 11?
272485
-11374f (base 16) to base 6
-40103251
Convert 546526 (base 8) to base 11.
115a74
Convert 30a02 (base 16) to base 4.
300220002
What is -12046 (base 16) in base 12?
-3685a
Convert -5466064 (base 7) to base 15.
-d418d
What is 23113502 (base 6) in base 15?
e0462
Convert -12101010101022 (base 3) to base 16.
-2b9634
Convert -1000011000100100001 (base 2) to base 3.
-111221211212
What is 13051177 (base 10) in base 15?
122c037
What is 111100111111010011110 (base 2) in base 7?
22662341
Convert -98c691 (base 14) to base 11.
-2a1a327
Convert -1a2224 (base 11) to base 7.
-2431634
What is -696b3c (base 16) in base 2?
-11010010110101100111100
Convert -2003765 (base 9) to base 6.
-34501435
Convert 1101011101110000110 (base 2) to base 12.
193406
-20222202101 (base 3) to base 5
-13400402
What is -2748140 (base 11) in base 16?
-485310
Convert 110100100100010 (base 2) to base 16.
6922
Convert 23110121101 (base 4) to base 8.
13243121
Convert b8d93a (base 15) to base 6.
512411344
Convert 22146b2 (base 12) to base 4.
120302133212
3c844c (base 15) to base 16
2c753d
Convert -1086038 (base 9) to base 12.
-244582
Convert 2153673 (base 9) to base 14.
221b6b
Convert -48859 (base 12) to base 13.
-357a8
Convert 2e3a0 (base 15) to base 13.
52c77
-118628b (base 12) to base 6
-201041455
-5fd64 (base 16) to base 3
-201221110211
Convert 2214202324 (base 5) to base 10.
4834714
1122210200 (base 3) to base 6
411113
Convert -106636 (base 8) to base 9.
-54652
What is e0876 (base 15) in base 8?
2554005
What is -6b2381 (base 14) in base 15?
-4c328e
2458112 (base 11) to base 14
7d285b
Convert -20111221200200 (base 3) to base 9.
-6457620
What is -10000010101001000 (base 2) in base 7?
-366003
Convert 87868 (base 13) to base 11.
158335
Convert -144114011 (base 5) to base 2.
-10111011111101011001
What is -2454b9 (base 12) in base 15?
-b9c10
-110110001110111100000 (base 2) to base 6
-102031224
What is 100100022110201 (base 3) in base 13?
104b645
What is -1545ae (base 16) in base 15?
-1c80e9
-57b088 (base 14) to base 11
-17611aa
What is -5570362 (base 8) in base 15?
-1ea719
-352500011 (base 6) to base 8
-31041347
Convert -100102021122 (base 3) to base 12.
-8b338
What is 59e790 (base 16) in base 3?
102002100021122
-2450159 (base 10) to base 9
-4543878
Convert 36346342 (base 8) to base 12.
280b482
Convert 4454515 (base 6) to base 4.
312333233
What is -3313402040 (base 5) in base 15?
-96924a
Convert 12122214 (base 5) to base 13.
3cbba
-493878 (base 11) to base 5
-144443034
What is -1050625 (base 7) in base 12?
-63267
What is -eb03fb (base 16) in base 15?
-1543839
What is b6b4 (base 12) in base 7?
112222
What is -38dcd (base 15) in base 5?
-21310433
What is -20c86c5 (base 13) in base 2?
-100110001101000101111101
7322859 (base 10) to base 12
2551923
What is 550018 (base 9) in base 5?
40444232
2338781 (base 9) to base 7
13522333
What is -51621252 (base 7) in base 12?
-1554526
66820 (base 13) to base 15
3a151
224163241 (base 7) to base 6
1205111421
Convert 304464 (base 7) to base 2.
1100101101000011
22133232 (base 4) to base 14
1194a
5357631 (base 8) to base 13
3b2630
What is 15200122 (base 8) in base 6?
202240550
Convert -184300 (base 9) to base 12.
-56460
Convert -9a1cc (base 14) to base 8.
-1331470
What is -1101100101000000110 (base 2) in base 9?
-747301
What is 5404212 (base 6) in base 15?
53938
Convert 1010000100010001001111 (base 2) to base 15.
371d87
Convert -4830021 (base 9) to base 13.
-708739
Convert -10101011110111100010010 (base 2) to base 8.
-25367422
-21110011101 (base 3) to base 7
-1150354
Convert 101014 (base 8) to base 3.
1200200001
Convert -2066777 (base 9) to base 5.
-240413014
What is -13a1852 (base 11) in base 12?
-97aaa0
Convert -1a75c (base 14) to base 10.
-67310
What is -4a9600 (base 16) in base 8?
-22513000
What is 3004323 (base 8) in base 4?
3000203103
-1143022 (base 7) to base 12
-6bb81
What is -382105 (base 10) in base 13?
-104bc9
62632110 (base 7) to base 5
2323112333
-3302212 (base 7) to base 4
-1202223001
What is 63126 (base 16) in base 13?
112923
21550422 (base 7) to base 11
1061207
What is c8c61 (base 13) in base 15?
725b0
201021211100112 (base 3) to base 8
47066277
What is 1101100101010011110 (base 2) in base 7?
3532425
What is -42441443 (base 5) in base 2?
-1010111101001010110
-1111101010100110 (base 2) to base 7
-355034
Convert -215087 (base 9) to base 8.
-372577
648244 (base 10) to base 8
2362064
Convert 103892 (base 10) to base 6.
2120552
881ef (base 16) to base 7
4511341
What is 43415667 (base 8) in base 13?
1c11097
40774d (base 14) to base 4
20102100221
30454000 (base 7) to base 6
130403134
-30540314 (base 9) to base 14
-1d3c63a
What is -4030603 (base 9) in base 12?
-875a40
1101101110001010 (base 2) to base 15
119bc
What is 2144100 (base 9) in base 7?
12533121
What is 10001000 (base 5) in base 14?
20734
Convert -1058647 (base 9) to base 5.
-121224412
-21175 (base 13) to base 2
-1110100011000000
What is 3415011 (base 6) in base 3?
22210221021
Convert 2a4942 (base 15) to base 4.
13302030023
10213230 (base 6) to base 16
48a32
What is -7044375 (base 11) in base 6?
-1123101312
What is -112200021112100 (base 3) in base 13?
-180137a
-8fb8 (base 16) to base 9
-55420
Convert 10211323111 (base 5) to base 2.
101000101000100000001000
What is -243011210 (base 5) in base 9?
-2128665
What is 1002033233 (base 4) in base 11?
175956
What is 281440 (base 9) in base 14?
467c7
-27673 (base 11) to base 3
-2000001110
Convert -3a3425 (base 11) to base 13.
-1927b5
Convert 11110122031 (base 4) to base 2.
101010100011010001101
-7061335 (base 8) to base 16
-1c62dd
Convert -2132143 (base 14) to base 12.
-531bbbb
Convert 286886 (base 10) to base 3.
112120112102
What is 7a8c95 (base 14) in base 9?
7760700
What is -59565 (base 11) in base 12?
-41830
232214533 (base 6) to base 11
2484403
-4b79b (base 13) to base 3
-21002122220
Convert 4223716 (base 11) to base 2.
11100011001000000110101
What is -347d39 (base 14) in base 10?
-1788943
Convert -233043410 (base 5) to base 6.
-34500440
-3321213210 (base 4) to base 2
-11111001100111100100
What is -566168 (base 9) in base 13?
-bb48a
Convert -72190 (base 11) to base 14.
-2a585
What is 161208 (base 9) in bas